e 2, what is 1100 - -101010110101101?
101010110111001
In base 8, what is -6152 - 224?
-6376
In base 10, what is 326 + 1710?
2036
In base 3, what is 211020010 + -1?
211020002
In base 9, what is 1400276 - 4?
1400272
In base 15, what is 402e - -22?
4051
In base 12, what is -1b97836 - -3?
-1b97833
In base 9, what is 144846 + 1?
144847
In base 15, what is 2 + 7aad?
7ab0
In base 12, what is 4 + -83290?
-83288
In base 16, what is -23 + e1?
be
In base 3, what is -10001 + -21021020?
-21101021
In base 11, what is 37 + a4?
130
In base 8, what is 322757 - 64?
322673
In base 7, what is 16 - -1004663?
1005012
In base 5, what is 340411 + -2?
340404
In base 5, what is -1241143 + 4?
-1241134
In base 4, what is -210211211 - 1?
-210211212
In base 5, what is 3 - -1010021?
1010024
In base 4, what is 2 - 112203213?
-112203211
In base 8, what is -35 - -35661?
35624
In base 4, what is 3 + 1300132303?
1300132312
In base 14, what is -398 + -26?
-3c0
In base 7, what is -1 - 2634616?
-2634620
In base 11, what is 87a - -1859?
2628
In base 3, what is 12002010112 + 1?
12002010120
In base 4, what is 301021 - 120?
300301
In base 7, what is -2246 + 254?
-1662
In base 4, what is 32003020 + 3?
32003023
In base 6, what is 3 + -551100?
-551053
In base 6, what is -5 - -13535?
13530
In base 4, what is -2202221 + 11?
-2202210
In base 10, what is 339 - -8499?
8838
In base 14, what is 8 - 3339?
-3331
In base 4, what is -13130 + -11333?
-31123
In base 2, what is -110 + 101100001111011?
101100001110101
In base 12, what is 82 - 8758?
-8696
In base 5, what is -111301 + -44?
-111400
In base 2, what is -100001110111 - -10101001?
-11111001110
In base 9, what is -1031 - -1532?
501
In base 5, what is 30230 - 123?
30102
In base 15, what is -3720 + -5?
-3725
In base 5, what is -200031 - -404?
-144122
In base 10, what is -1700 - 35?
-1735
In base 5, what is 1140 - 13041?
-11401
In base 3, what is -202 + -21000121?
-21001100
In base 11, what is 5 - -13537?
13541
In base 14, what is -6141b8 + 5?
-6141b3
In base 12, what is 1 - 73381?
-73380
In base 16, what is -f2bf - -6?
-f2b9
In base 11, what is 3aa + -42?
368
In base 3, what is -21 + 20201201?
20201110
In base 15, what is 1b3b - a?
1b31
In base 11, what is -1a48 + -813?
-2760
In base 13, what is 2 + -1264?
-1262
In base 14, what is 3c4b7 + -3?
3c4b4
In base 10, what is -3 + 109?
106
In base 9, what is -221 + -431?
-652
In base 14, what is 4d2 + c2a?
131c
In base 15, what is 1d2 - 5?
1cc
In base 3, what is 202011 - 1102?
200202
In base 10, what is -2722 - 383?
-3105
In base 8, what is -51713 - -30?
-51663
In base 13, what is 4 - -9674?
9678
In base 4, what is 2333332 + 3?
3000001
In base 2, what is -10 + 10000101111?
10000101101
In base 10, what is 5 - -11156?
11161
In base 7, what is -214036 - -2?
-214034
In base 14, what is 7ba9 + 5?
7bb0
In base 8, what is -7 - 75135?
-75144
In base 16, what is 8b + d90?
e1b
In base 16, what is 3b7c + -1e?
3b5e
In base 5, what is 23042 - 12?
23030
In base 6, what is -35 + 2045?
2010
In base 7, what is -2125435 + 2?
-2125433
In base 4, what is -212 - -1202113?
1201301
In base 7, what is 2 + 6666?
10001
In base 8, what is -357134 + 0?
-357134
In base 5, what is 1433 - -111?
2044
In base 2, what is -1000100000 + -11?
-1000100011
In base 13, what is 4c536 - 13?
4c523
In base 2, what is 1100000001100100100 - 100?
1100000001100100000
In base 7, what is -3 - -50433?
50430
In base 6, what is 1220 - 2145?
-525
In base 8, what is -437 + 276?
-141
In base 14, what is 5 + -13b3?
-13ac
In base 15, what is -b6d + 7b?
-ae2
In base 2, what is -10001100010110 + 10?
-10001100010100
In base 2, what is -110001 - 111100001100?
-111100111101
In base 16, what is 1b10 + -1?
1b0f
In base 8, what is 4010 + 16?
4026
In base 6, what is 1042012 + -1?
1042011
In base 6, what is -155043 - -4?
-155035
In base 8, what is -67 - 1365?
-1454
In base 4, what is -23222 - 123?
-30011
In base 2, what is -10110010111011111000 - -11?
-10110010111011110101
In base 11, what is 133542 + 4?
133546
In base 3, what is 1220210200 + -2?
1220210121
In base 4, what is -200 - 21231?
-22031
In base 3, what is -111 + 1211202210?
1211202022
In base 6, what is -111220 + 3?
-111213
In base 7, what is 113 - 5346?
-5233
In base 12, what is -b94 + -9?
-ba1
In base 15, what is -b + 329b?
3290
In base 10, what is 1159279 + 4?
1159283
In base 15, what is -36 + 3437?
3401
In base 4, what is -110220 - -122031?
11211
In base 15, what is -2aca32 - 2?
-2aca34
In base 8, what is 2 - 474337?
-474335
In base 12, what is 32548 + -4?
32544
In base 13, what is -42a2 - 0?
-42a2
In base 6, what is 32402113 + 1?
32402114
In base 6, what is 12 + 512141?
512153
In base 6, what is -143 - 1534?
-2121
In base 14, what is -153 - -55?
-dc
In base 4, what is -1 - 10121012?
-10121013
In base 12, what is b + 27b68?
27b77
In base 2, what is 101 - 11110000111011?
-11110000110110
In base 3, what is -22120 + -1110000?
-1202120
In base 8, what is -4 + 10727?
10723
In base 12, what is -8 - a55b?
-a567
In base 11, what is -402 + -18?
-41a
In base 10, what is 3 - 43486?
-43483
In base 14, what is -5aaa3 - 1b?
-5aac0
In base 10, what is -3139 + 47?
-3092
In base 12, what is 159a5 - 2?
159a3
In base 5, what is 214413 - 24?
214334
In base 11, what is -420383 + -4?
-420387
In base 6, what is -13 + -1142332?
-1142345
In base 15, what is -11e - 16e8?
-1817
In base 2, what is -111011010111101 - -101001?
-111011010010100
In base 10, what is 48 - -8646?
8694
In base 13, what is 0 + -13ab2?
-13ab2
In base 12, what is -54 + 952?
8ba
In base 6, what is 11555 - 34?
11521
In base 7, what is 10 - -206024?
206034
In base 9, what is 26207 + -5?
26202
In base 2, what is -1000111010100110 - -10101?
-1000111010010001
In base 7, what is -3 - -246460?
246454
In base 16, what is -1 - -4e9?
4e8
In base 7, what is 0 + 30520?
30520
In base 3, what is -10001000122 + 20?
-10001000102
In base 5, what is -2422014 - 0?
-2422014
In base 4, what is 313300 + 203?
320103
In base 14, what is -5 + -23369?
-23370
In base 4, what is -21003 + -12002?
-33011
In base 6, what is 1113 - -33?
1150
In base 5, what is 20422321 + 0?
20422321
In base 10, what is 2399 + -112?
2287
In base 6, what is 405 + 12403?
13212
In base 2, what is -110101011010001011 + -1001?
-110101011010010100
In base 9, what is -2 + -126440?
-126442
In base 14, what is 116c2 + 0?
116c2
In base 12, what is -a769 - -3?
-a766
In base 5, what is -11 + 40224?
40213
In base 5, what is -12441244 - 3?
-12441302
In base 14, what is 126 - 3d4?
-2ac
In base 5, what is 1031041 - -3?
1031044
In base 12, what is 40 + -6820?
-67a0
In base 4, what is -1 - -202223022?
202223021
In base 9, what is 65212 - -2?
65214
In base 11, what is 146 + -520?
-385
In base 2, what is 11110 + 1001100011?
1010000001
In base 12, what is -36 + -a37?
-a71
In base 8, what is -3711703 - -5?
-3711676
In base 3, what is -1100020201 + 2?
-1100020122
In base 9, what is 55 + -8346?
-8281
In base 10, what is -30642 + -2?
-30644
In base 8, what is 25 - -70163?
70210
In base 13, what is -356 - 112?
-468
In base 12, what is 10 - -8109?
8119
In base 7, what is 255356 + 1?
255360
In base 12, what is -b68562 + -2?
-b68564
In base 16, what is -116d9 + e?
-116cb
In base 8, what is 56325602 + -5?
56325575
In base 9, what is 17 + -225341?
-225323
In base 6, what is -153 - 3500?
-4053
In base 7, what is 132653 - -6?
132662
In base 10, what is -4 - -1585?
1581
In base 13, what is -5 + 74419?
74414
In base 2, what is 1001011010110 + 1001?
1001011011111
In base 2, what is -10011110100100 + -101001?
-10011111001101
In base 15, what is -b - -a16c?
a161
In base 13, what is -80 + -7b7a?
-7c2a
In base 5, what is -3023 - 203?
-3231
In base 12, what is -4 - 1bb9?
-2001
In base 3, what is -120 - -100222212121?
100222212001
In base 7, what is 2 - 10024541?
-10024536
In base 16, what is bb1 - 11?
ba0
In base 7, what is -5313561 + 2?
-5313556
In base 5, what is 102244111 + -3?
102244103
In base 9, what is -2187 + 17?
-2170
In base 10, what is -69 - 14747?
-14816
In base 13, what is 1386 - -7b?
1434
In base 4, what is -22210010 - -1?
-22210003
In base 2, what is 100 + -101101010001101?
-101101010001001
In base 4, what is -11 - -211130?
211113
In base 6, what is 1 - -14405025?
14405030
In base 6, what is 2225542 + -2?
2225540
In base 6, what is